[INFO] fetching crate abstract-module-factory 0.14.3...
[INFO] checking abstract-module-factory-0.14.3 against master#e6e4f7ed1589e03bc2f6c5931c1a72e7947e8682 for beta-170-4
[INFO] extracting crate abstract-module-factory 0.14.3 into /workspace/builds/worker-5-tc2/source
[INFO] validating manifest of crates.io crate abstract-module-factory 0.14.3 on toolchain e6e4f7ed1589e03bc2f6c5931c1a72e7947e8682
[INFO] running `Command { std: CARGO_HOME="/workspace/cargo-home" RUSTUP_HOME="/workspace/rustup-home" "/workspace/cargo-home/bin/cargo" "+e6e4f7ed1589e03bc2f6c5931c1a72e7947e8682" "metadata" "--manifest-path" "Cargo.toml" "--no-deps", kill_on_drop: false }`
[INFO] removed /workspace/builds/worker-5-tc2/source/.cargo/config
[INFO] started tweaking crates.io crate abstract-module-factory 0.14.3
[INFO] finished tweaking crates.io crate abstract-module-factory 0.14.3
[INFO] tweaked toml for crates.io crate abstract-module-factory 0.14.3 written to /workspace/builds/worker-5-tc2/source/Cargo.toml
[INFO] crate crates.io crate abstract-module-factory 0.14.3 already has a lockfile, it will not be regenerated
[INFO] running `Command { std: CARGO_HOME="/workspace/cargo-home" RUSTUP_HOME="/workspace/rustup-home" "/workspace/cargo-home/bin/cargo" "+e6e4f7ed1589e03bc2f6c5931c1a72e7947e8682" "fetch" "--manifest-path" "Cargo.toml", kill_on_drop: false }`
[INFO] running `Command { std: "docker" "create" "-v" "/var/lib/crater-agent-workspace/builds/worker-5-tc2/target:/opt/rustwide/target:rw,Z" "-v" "/var/lib/crater-agent-workspace/builds/worker-5-tc2/source:/opt/rustwide/workdir:ro,Z" "-v" "/var/lib/crater-agent-workspace/cargo-home:/opt/rustwide/cargo-home:ro,Z" "-v" "/var/lib/crater-agent-workspace/rustup-home:/opt/rustwide/rustup-home:ro,Z" "-e" "SOURCE_DIR=/opt/rustwide/workdir" "-e" "CARGO_TARGET_DIR=/opt/rustwide/target" "-e" "CARGO_HOME=/opt/rustwide/cargo-home" "-e" "RUSTUP_HOME=/opt/rustwide/rustup-home" "-w" "/opt/rustwide/workdir" "-m" "1610612736" "--user" "0:0" "--network" "none" "ghcr.io/rust-lang/crates-build-env/linux@sha256:19e73879b68f455e41552ea35293514db52ea292d993f571636dbffedb77a1ee" "/opt/rustwide/cargo-home/bin/cargo" "+e6e4f7ed1589e03bc2f6c5931c1a72e7947e8682" "metadata" "--no-deps" "--format-version=1", kill_on_drop: false }`
[INFO] [stdout] 82c2e0a155f43c6cb716a8559818503456b08e69a95a37d4b0de92b189c3e8e3
[INFO] running `Command { std: "docker" "start" "-a" "82c2e0a155f43c6cb716a8559818503456b08e69a95a37d4b0de92b189c3e8e3", kill_on_drop: false }`
[INFO] running `Command { std: "docker" "inspect" "82c2e0a155f43c6cb716a8559818503456b08e69a95a37d4b0de92b189c3e8e3", kill_on_drop: false }`
[INFO] running `Command { std: "docker" "rm" "-f" "82c2e0a155f43c6cb716a8559818503456b08e69a95a37d4b0de92b189c3e8e3", kill_on_drop: false }`
[INFO] [stdout] 82c2e0a155f43c6cb716a8559818503456b08e69a95a37d4b0de92b189c3e8e3
[INFO] running `Command { std: "docker" "create" "-v" "/var/lib/crater-agent-workspace/builds/worker-5-tc2/target:/opt/rustwide/target:rw,Z" "-v" "/var/lib/crater-agent-workspace/builds/worker-5-tc2/source:/opt/rustwide/workdir:ro,Z" "-v" "/var/lib/crater-agent-workspace/cargo-home:/opt/rustwide/cargo-home:ro,Z" "-v" "/var/lib/crater-agent-workspace/rustup-home:/opt/rustwide/rustup-home:ro,Z" "-e" "SOURCE_DIR=/opt/rustwide/workdir" "-e" "CARGO_TARGET_DIR=/opt/rustwide/target" "-e" "CARGO_INCREMENTAL=0" "-e" "RUST_BACKTRACE=full" "-e" "RUSTFLAGS=--cap-lints=forbid" "-e" "RUSTDOCFLAGS=--cap-lints=forbid" "-e" "CARGO_HOME=/opt/rustwide/cargo-home" "-e" "RUSTUP_HOME=/opt/rustwide/rustup-home" "-w" "/opt/rustwide/workdir" "-m" "1610612736" "--user" "0:0" "--network" "none" "ghcr.io/rust-lang/crates-build-env/linux@sha256:19e73879b68f455e41552ea35293514db52ea292d993f571636dbffedb77a1ee" "/opt/rustwide/cargo-home/bin/cargo" "+e6e4f7ed1589e03bc2f6c5931c1a72e7947e8682" "check" "--frozen" "--all" "--all-targets" "--message-format=json", kill_on_drop: false }`
[INFO] [stdout] bbf96de6f2d93fd664762b3c7f809ae1fa59a60e6b4cca38896cc8f5d402395d
[INFO] running `Command { std: "docker" "start" "-a" "bbf96de6f2d93fd664762b3c7f809ae1fa59a60e6b4cca38896cc8f5d402395d", kill_on_drop: false }`
[INFO] [stderr]    Compiling proc-macro2 v1.0.56
[INFO] [stderr]    Compiling unicode-ident v1.0.8
[INFO] [stderr]    Compiling quote v1.0.26
[INFO] [stderr]    Compiling libc v0.2.141
[INFO] [stderr]     Checking cfg-if v1.0.0
[INFO] [stderr]    Compiling version_check v0.9.4
[INFO] [stderr]    Compiling serde_derive v1.0.159
[INFO] [stderr]    Compiling serde v1.0.159
[INFO] [stderr]    Compiling syn v1.0.109
[INFO] [stderr]    Compiling autocfg v1.1.0
[INFO] [stderr]     Checking once_cell v1.17.1
[INFO] [stderr]    Compiling typenum v1.16.0
[INFO] [stderr]     Checking subtle v2.4.1
[INFO] [stderr]     Checking itoa v1.0.6
[INFO] [stderr]    Compiling cc v1.0.79
[INFO] [stderr]     Checking cpufeatures v0.2.6
[INFO] [stderr]     Checking pin-project-lite v0.2.9
[INFO] [stderr]    Compiling log v0.4.17
[INFO] [stderr]     Checking byteorder v1.4.3
[INFO] [stderr]     Checking const-oid v0.9.2
[INFO] [stderr]     Checking base64ct v1.6.0
[INFO] [stderr]     Checking opaque-debug v0.3.0
[INFO] [stderr]    Compiling futures-core v0.3.28
[INFO] [stderr]     Checking base64 v0.13.1
[INFO] [stderr]     Checking hex v0.4.3
[INFO] [stderr]     Checking base16ct v0.1.1
[INFO] [stderr]     Checking ryu v1.0.13
[INFO] [stderr]    Compiling serde_json v1.0.95
[INFO] [stderr]     Checking keccak v0.1.3
[INFO] [stderr]    Compiling parking_lot_core v0.9.7
[INFO] [stderr]    Compiling futures-channel v0.3.28
[INFO] [stderr]    Compiling generic-array v0.14.7
[INFO] [stderr]    Compiling ahash v0.7.6
[INFO] [stderr]    Compiling lock_api v0.4.9
[INFO] [stderr]    Compiling slab v0.4.8
[INFO] [stderr]     Checking scopeguard v1.1.0
[INFO] [stderr]    Compiling memchr v2.5.0
[INFO] [stderr]     Checking smallvec v1.10.0
[INFO] [stderr]    Compiling futures-task v0.3.28
[INFO] [stderr]     Checking futures-sink v0.3.28
[INFO] [stderr]    Compiling tokio v1.27.0
[INFO] [stderr]     Checking untrusted v0.7.1
[INFO] [stderr]    Compiling futures-util v0.3.28
[INFO] [stderr]     Checking spin v0.5.2
[INFO] [stderr]    Compiling thiserror v1.0.40
[INFO] [stderr]    Compiling getrandom v0.1.16
[INFO] [stderr]     Checking futures-io v0.3.28
[INFO] [stderr]     Checking pin-utils v0.1.0
[INFO] [stderr]     Checking fnv v1.0.7
[INFO] [stderr]    Compiling crunchy v0.2.2
[INFO] [stderr]    Compiling num-traits v0.2.15
[INFO] [stderr]    Compiling anyhow v1.0.70
[INFO] [stderr]     Checking static_assertions v1.1.0
[INFO] [stderr]     Checking tracing-core v0.1.30
[INFO] [stderr]     Checking dyn-clone v1.0.11
[INFO] [stderr]    Compiling indexmap v1.9.3
[INFO] [stderr]    Compiling schemars v0.8.12
[INFO] [stderr]    Compiling either v1.8.1
[INFO] [stderr]    Compiling httparse v1.8.0
[INFO] [stderr]     Checking tower-service v0.3.2
[INFO] [stderr]     Checking httpdate v1.0.2
[INFO] [stderr]     Checking openssl-probe v0.1.5
[INFO] [stderr]    Compiling syn v2.0.13
[INFO] [stderr]     Checking ppv-lite86 v0.2.17
[INFO] [stderr]     Checking try-lock v0.2.4
[INFO] [stderr]    Compiling ring v0.16.20
[INFO] [stderr]    Compiling itertools v0.10.5
[INFO] [stderr]     Checking forward_ref v1.0.0
[INFO] [stderr]    Compiling semver v1.0.17
[INFO] [stderr]     Checking want v0.3.0
[INFO] [stderr]     Checking percent-encoding v2.2.0
[INFO] [stderr]     Checking bitflags v1.3.2
[INFO] [stderr]    Compiling rustls v0.20.8
[INFO] [stderr]    Compiling rustversion v1.0.12
[INFO] [stderr]    Compiling paste v1.0.12
[INFO] [stderr]    Compiling eyre v0.6.8
[INFO] [stderr]     Checking uint v0.9.5
[INFO] [stderr]     Checking indenter v0.3.3
[INFO] [stderr]     Checking getrandom v0.2.9
[INFO] [stderr]     Checking socket2 v0.4.9
[INFO] [stderr]     Checking signal-hook-registry v1.4.1
[INFO] [stderr]     Checking num_cpus v1.15.0
[INFO] [stderr]     Checking rand_core v0.6.4
[INFO] [stderr]     Checking mio v0.8.6
[INFO] [stderr]     Checking ff v0.12.1
[INFO] [stderr]     Checking hashbrown v0.12.3
[INFO] [stderr]     Checking rand_core v0.5.1
[INFO] [stderr]     Checking group v0.12.1
[INFO] [stderr]     Checking rand_chacha v0.3.1
[INFO] [stderr]     Checking mime v0.3.17
[INFO] [stderr]    Compiling num-integer v0.1.45
[INFO] [stderr]    Compiling time-macros v0.2.4
[INFO] [stderr]     Checking parking_lot v0.12.1
[INFO] [stderr]     Checking crypto-common v0.1.6
[INFO] [stderr]     Checking block-buffer v0.10.4
[INFO] [stderr]     Checking digest v0.9.0
[INFO] [stderr]     Checking block-buffer v0.9.0
[INFO] [stderr]     Checking tinyvec_macros v0.1.1
[INFO] [stderr]    Compiling pkg-config v0.3.26
[INFO] [stderr]     Checking rand v0.8.5
[INFO] [stderr]     Checking base64 v0.21.0
[INFO] [stderr]     Checking num_threads v0.1.6
[INFO] [stderr]    Compiling async-trait v0.1.68
[INFO] [stderr]     Checking digest v0.10.6
[INFO] [stderr]     Checking sha2 v0.9.9
[INFO] [stderr]     Checking tinyvec v1.6.0
[INFO] [stderr]     Checking hmac v0.12.1
[INFO] [stderr]     Checking signature v1.6.4
[INFO] [stderr]     Checking sha2 v0.10.6
[INFO] [stderr]     Checking sha3 v0.10.6
[INFO] [stderr]     Checking rustls-pemfile v1.0.2
[INFO] [stderr]     Checking ripemd v0.1.3
[INFO] [stderr]     Checking form_urlencoded v1.1.0
[INFO] [stderr]     Checking subtle-ng v2.5.0
[INFO] [stderr]     Checking tower-layer v0.3.2
[INFO] [stderr]     Checking unicode-bidi v0.3.13
[INFO] [stderr]     Checking rustls-native-certs v0.6.2
[INFO] [stderr]    Compiling num-bigint v0.4.3
[INFO] [stderr]     Checking flex-error v0.4.4
[INFO] [stderr]    Compiling safe-proc-macro2 v1.0.36
[INFO] [stderr]     Checking sha1 v0.10.5
[INFO] [stderr]     Checking unicode-normalization v0.1.22
[INFO] [stderr]    Compiling num-rational v0.4.1
[INFO] [stderr]    Compiling ident_case v1.0.1
[INFO] [stderr]    Compiling openssl-sys v0.9.80
[INFO] [stderr]    Compiling strsim v0.10.0
[INFO] [stderr]     Checking sync_wrapper v0.1.2
[INFO] [stderr]     Checking matchit v0.7.0
[INFO] [stderr]    Compiling openssl v0.10.45
[INFO] [stderr]     Checking foreign-types-shared v0.1.1
[INFO] [stderr]    Compiling unicode-xid v0.2.4
[INFO] [stderr]     Checking foreign-types v0.3.2
[INFO] [stderr]    Compiling native-tls v0.2.11
[INFO] [stderr]    Compiling peg-runtime v0.7.0
[INFO] [stderr]     Checking utf-8 v0.7.6
[INFO] [stderr]    Compiling axum-core v0.3.3
[INFO] [stderr]    Compiling axum v0.6.12
[INFO] [stderr]    Compiling cw-semver v1.0.14
[INFO] [stderr]     Checking idna v0.3.0
[INFO] [stderr]    Compiling bitcoin-private v0.1.0
[INFO] [stderr]    Compiling secp256k1-sys v0.8.1
[INFO] [stderr]    Compiling peg-macros v0.7.0
[INFO] [stderr]    Compiling num-iter v0.1.43
[INFO] [stderr]    Compiling erased-serde v0.3.25
[INFO] [stderr]     Checking same-file v1.0.6
[INFO] [stderr]     Checking pbkdf2 v0.11.0
[INFO] [stderr]     Checking time v0.3.11
[INFO] [stderr]     Checking walkdir v2.3.3
[INFO] [stderr]     Checking url v2.3.1
[INFO] [stderr]     Checking fixed-hash v0.8.0
[INFO] [stderr]     Checking uuid v0.8.2
[INFO] [stderr]    Compiling safe-quote v1.0.15
[INFO] [stderr]    Compiling hex_lit v0.1.1
[INFO] [stderr]     Checking bitcoin_hashes v0.12.0
[INFO] [stderr]    Compiling safe-regex-compiler v0.2.5
[INFO] [stderr]     Checking bs58 v0.4.0
[INFO] [stderr]     Checking rand_chacha v0.2.2
[INFO] [stderr]     Checking num-complex v0.4.3
[INFO] [stderr]     Checking encoding_rs v0.8.32
[INFO] [stderr]    Compiling protobuf v2.28.0
[INFO] [stderr]    Compiling unicode-segmentation v1.10.1
[INFO] [stderr]    Compiling bitcoin v0.30.0
[INFO] [stderr]     Checking ipnet v2.7.2
[INFO] [stderr]     Checking rand v0.7.3
[INFO] [stderr]     Checking time v0.1.45
[INFO] [stderr]    Compiling convert_case v0.6.0
[INFO] [stderr]     Checking bech32 v0.9.1
[INFO] [stderr]     Checking iana-time-zone v0.1.56
[INFO] [stderr]     Checking sha256 v1.1.2
[INFO] [stderr]     Checking base16 v0.2.1
[INFO] [stderr]    Compiling serde_derive_internals v0.26.0
[INFO] [stderr]    Compiling darling_core v0.14.4
[INFO] [stderr]    Compiling safe-regex-macro v0.2.5
[INFO] [stderr]     Checking webpki v0.22.0
[INFO] [stderr]     Checking sct v0.7.0
[INFO] [stderr]     Checking webpki v0.21.4
[INFO] [stderr]     Checking sct v0.6.1
[INFO] [stderr]     Checking peg v0.7.0
[INFO] [stderr]     Checking num v0.4.0
[INFO] [stderr]     Checking chrono v0.4.24
[INFO] [stderr]     Checking speculoos v0.11.0
[INFO] [stderr]     Checking ct-logs v0.8.0
[INFO] [stderr]     Checking rustls v0.19.1
[INFO] [stderr]     Checking webpki-roots v0.21.1
[INFO] [stderr]     Checking safe-regex v0.2.5
[INFO] [stderr]     Checking webpki-roots v0.22.6
[INFO] [stderr]    Compiling zeroize_derive v1.4.2
[INFO] [stderr]    Compiling tokio-macros v2.0.0
[INFO] [stderr]    Compiling futures-macro v0.3.28
[INFO] [stderr]    Compiling thiserror-impl v1.0.40
[INFO] [stderr]    Compiling tracing-attributes v0.1.23
[INFO] [stderr]    Compiling schemars_derive v0.8.12
[INFO] [stderr]    Compiling cosmwasm-derive v1.2.3
[INFO] [stderr]    Compiling derivative v2.2.0
[INFO] [stderr]    Compiling cosmwasm-schema-derive v1.2.3
[INFO] [stderr]    Compiling prost-derive v0.11.8
[INFO] [stderr]    Compiling pin-project-internal v1.0.12
[INFO] [stderr]    Compiling num-derive v0.3.3
[INFO] [stderr]    Compiling async-stream-impl v0.3.5
[INFO] [stderr]    Compiling serde_repr v0.1.12
[INFO] [stderr]     Checking zeroize v1.6.0
[INFO] [stderr]    Compiling openssl-macros v0.1.0
[INFO] [stderr]     Checking der v0.6.1
[INFO] [stderr]     Checking crypto-bigint v0.4.9
[INFO] [stderr]     Checking curve25519-dalek v3.2.0
[INFO] [stderr]     Checking subtle-encoding v0.5.1
[INFO] [stderr]     Checking pin-project v1.0.12
[INFO] [stderr]     Checking curve25519-dalek-ng v4.1.1
[INFO] [stderr]     Checking async-stream v0.3.5
[INFO] [stderr]    Compiling darling_macro v0.14.4
[INFO] [stderr]     Checking rustls-native-certs v0.5.0
[INFO] [stderr]    Compiling cw-ownable-derive v0.5.1
[INFO] [stderr]    Compiling derive_more v0.99.17
[INFO] [stderr]     Checking spki v0.6.0
[INFO] [stderr]     Checking rfc6979 v0.3.1
[INFO] [stderr]    Compiling prost-derive v0.9.0
[INFO] [stderr]     Checking secp256k1 v0.27.0
[INFO] [stderr]     Checking pkcs8 v0.9.0
[INFO] [stderr]    Compiling abstract-macros v0.14.3
[INFO] [stderr]     Checking hkd32 v0.7.0
[INFO] [stderr]     Checking sec1 v0.3.0
[INFO] [stderr]    Compiling boot-contract-derive v0.10.0
[INFO] [stderr]    Compiling boot-fns-derive v0.10.0
[INFO] [stderr]     Checking ed25519-consensus v2.1.0
[INFO] [stderr]     Checking tracing v0.1.37
[INFO] [stderr]     Checking elliptic-curve v0.12.3
[INFO] [stderr]     Checking tracing-futures v0.2.5
[INFO] [stderr]     Checking ecdsa v0.14.8
[INFO] [stderr]    Compiling darling v0.14.4
[INFO] [stderr]    Compiling derive_builder_core v0.12.0
[INFO] [stderr]     Checking k256 v0.11.6
[INFO] [stderr]     Checking bip32 v0.4.0
[INFO] [stderr]    Compiling derive_builder_macro v0.12.0
[INFO] [stderr]     Checking futures-executor v0.3.28
[INFO] [stderr]     Checking futures v0.3.28
[INFO] [stderr]     Checking derive_builder v0.12.0
[INFO] [stderr]     Checking bytes v1.4.0
[INFO] [stderr]     Checking ed25519-zebra v3.1.0
[INFO] [stderr]     Checking serde-json-wasm v0.5.0
[INFO] [stderr]     Checking serde_bytes v0.11.9
[INFO] [stderr]     Checking ed25519 v1.5.3
[INFO] [stderr]     Checking toml v0.5.11
[INFO] [stderr]     Checking impl-serde v0.4.0
[INFO] [stderr]     Checking serde_urlencoded v0.7.1
[INFO] [stderr]     Checking primitive-types v0.12.1
[INFO] [stderr]     Checking cosmwasm-crypto v1.2.3
[INFO] [stderr]     Checking ed25519-dalek v1.0.1
[INFO] [stderr]     Checking http v0.2.9
[INFO] [stderr]     Checking prost v0.11.8
[INFO] [stderr]     Checking prost v0.9.0
[INFO] [stderr]     Checking prost-types v0.11.8
[INFO] [stderr]     Checking ics23 v0.9.0
[INFO] [stderr]     Checking http-body v0.4.5
[INFO] [stderr]     Checking headers-core v0.2.0
[INFO] [stderr]     Checking tungstenite v0.18.0
[INFO] [stderr]     Checking headers v0.3.8
[INFO] [stderr]     Checking cosmwasm-std v1.2.3
[INFO] [stderr]     Checking cosmwasm-schema v1.2.3
[INFO] [stderr]     Checking tendermint-proto v0.30.0
[INFO] [stderr]     Checking tokio-util v0.7.7
[INFO] [stderr]     Checking tokio-rustls v0.23.4
[INFO] [stderr]     Checking tokio-io-timeout v1.2.0
[INFO] [stderr]     Checking tokio-stream v0.1.12
[INFO] [stderr]     Checking tokio-rustls v0.22.0
[INFO] [stderr]     Checking tokio-native-tls v0.3.1
[INFO] [stderr]     Checking async-tungstenite v0.20.0
[INFO] [stderr]     Checking h2 v0.3.16
[INFO] [stderr]     Checking tower v0.4.13
[INFO] [stderr]     Checking cw-storage-plus v1.0.1
[INFO] [stderr]     Checking cw-address-like v1.0.4
[INFO] [stderr]     Checking abstract-ica v0.14.3
[INFO] [stderr]     Checking cw2 v1.0.1
[INFO] [stderr]     Checking cw-utils v1.0.1
[INFO] [stderr]     Checking cw20 v1.0.1
[INFO] [stderr]     Checking cw-ownable v0.5.1
[INFO] [stderr]     Checking cw-controllers v1.0.1
[INFO] [stderr]     Checking cw-multi-test v0.16.3
[INFO] [stderr]     Checking tendermint v0.30.0
[INFO] [stderr]     Checking cw20-base v1.0.1
[INFO] [stderr]     Checking cw-asset v3.0.0
[INFO] [stderr]     Checking hyper v0.14.25
[INFO] [stderr]     Checking abstract-core v0.14.3
[INFO] [stderr]     Checking hyper-timeout v0.4.1
[INFO] [stderr]     Checking hyper-rustls v0.22.1
[INFO] [stderr]     Checking hyper-tls v0.5.0
[INFO] [stderr]     Checking hyper-rustls v0.23.2
[INFO] [stderr]     Checking hyper-proxy v0.9.1
[INFO] [stderr]     Checking reqwest v0.11.16
[INFO] [stderr]     Checking tendermint-config v0.30.0
[INFO] [stderr]     Checking tendermint-light-client-verifier v0.30.0
[INFO] [stderr]     Checking tendermint-rpc v0.30.0
[INFO] [stderr]     Checking abstract-sdk v0.14.3
[INFO] [stderr]     Checking abstract-testing v0.14.3
[INFO] [stderr]     Checking tonic v0.8.3
[INFO] [stderr]     Checking abstract-module-factory v0.14.3 (/opt/rustwide/workdir)
[INFO] [stderr]     Checking ibc-proto v0.28.0
[INFO] [stderr]     Checking cosmos-sdk-proto v0.17.0
[INFO] [stderr]     Checking cosmrs v0.12.0
[INFO] [stderr]     Checking ibc-relayer-types v0.23.0
[INFO] [stderr]     Checking ibc-chain-registry v0.23.0
[INFO] [stderr]     Checking boot-core v0.10.0
[INFO] [stdout] error[E0432]: unresolved import `abstract_boot`
[INFO] [stdout]  --> tests/direct_calls.rs:1:5
[INFO] [stdout]   |
[INFO] [stdout] 1 | use abstract_boot::*;
[INFO] [stdout]   |     ^^^^^^^^^^^^^ use of undeclared crate or module `abstract_boot`
[INFO] [stdout]   |
[INFO] [stdout] help: there is a crate or module with a similar name
[INFO] [stdout]   |
[INFO] [stdout] 1 | use abstract_core::*;
[INFO] [stdout]   |     ~~~~~~~~~~~~~
[INFO] [stdout] 
[INFO] [stdout] 
[INFO] [stdout] warning: unused import: `Deploy`
[INFO] [stdout]  --> tests/direct_calls.rs:4:65
[INFO] [stdout]   |
[INFO] [stdout] 4 | use boot_core::{instantiate_default_mock_env, ContractInstance, Deploy};
[INFO] [stdout]   |                                                                 ^^^^^^
[INFO] [stdout]   |
[INFO] [stdout]   = note: `#[warn(unused_imports)]` on by default
[INFO] [stdout] 
[INFO] [stdout] 
[INFO] [stdout] error[E0433]: failed to resolve: use of undeclared type `Abstract`
[INFO] [stdout]   --> tests/direct_calls.rs:14:22
[INFO] [stdout]    |
[INFO] [stdout] 14 |     let deployment = Abstract::deploy_on(chain, TEST_VERSION.parse().unwrap())?;
[INFO] [stdout]    |                      ^^^^^^^^ use of undeclared type `Abstract`
[INFO] [stdout]    |
[INFO] [stdout] help: there is an enum variant `abstract_sdk::AbstractSdkError::Abstract`; try using the variant's enum
[INFO] [stdout]    |
[INFO] [stdout] 14 |     let deployment = abstract_sdk::AbstractSdkError(chain, TEST_VERSION.parse().unwrap())?;
[INFO] [stdout]    |                      ~~~~~~~~~~~~~~~~~~~~~~~~~~~~~~
[INFO] [stdout] 
[INFO] [stdout] 
[INFO] [stdout] error[E0433]: failed to resolve: use of undeclared type `Abstract`
[INFO] [stdout]   --> tests/direct_calls.rs:33:22
[INFO] [stdout]    |
[INFO] [stdout] 33 |     let deployment = Abstract::deploy_on(chain, TEST_VERSION.parse().unwrap())?;
[INFO] [stdout]    |                      ^^^^^^^^ use of undeclared type `Abstract`
[INFO] [stdout]    |
[INFO] [stdout] help: there is an enum variant `abstract_sdk::AbstractSdkError::Abstract`; try using the variant's enum
[INFO] [stdout]    |
[INFO] [stdout] 33 |     let deployment = abstract_sdk::AbstractSdkError(chain, TEST_VERSION.parse().unwrap())?;
[INFO] [stdout]    |                      ~~~~~~~~~~~~~~~~~~~~~~~~~~~~~~
[INFO] [stdout] 
[INFO] [stdout] 
[INFO] [stdout] error[E0034]: multiple applicable items in scope
[INFO] [stdout]   --> tests/direct_calls.rs:43:10
[INFO] [stdout]    |
[INFO] [stdout] 43 |         .contains("ensure that the contract is a Manager or Proxy contract");
[INFO] [stdout]    |          ^^^^^^^^ multiple `contains` found
[INFO] [stdout]    |
[INFO] [stdout]    = note: candidate #1 is defined in an impl of the trait `speculoos::iter::ContainingIntoIterAssertions` for the type `Spec<'s, I>`
[INFO] [stdout]    = note: candidate #2 is defined in an impl of the trait `speculoos::iter::ContainingIteratorAssertions` for the type `Spec<'s, I>`
[INFO] [stdout]    = note: candidate #3 is defined in an impl of the trait `speculoos::prelude::StrAssertions` for the type `Spec<'s, T>`
[INFO] [stdout] help: disambiguate the method for candidate #1
[INFO] [stdout]    |
[INFO] [stdout] 42 |     speculoos::iter::ContainingIntoIterAssertions::contains(&mut assert_that(&res.root().to_string()), "ensure that the contract is a Manager or Proxy contract");
[INFO] [stdout]    |     ~~~~~~~~~~~~~~~~~~~~~~~~~~~~~~~~~~~~~~~~~~~~~~~~~~~~~~~~~~~~~~~~~~~~~~~~~~~~~~~~~~~~~~~~~~~~~~~~~~~~~~~~~~~~~~~~~~~~~~~~~~~~~~~~~~~~~~~~~~~~~~~~~~~~~~~~~~~~~
[INFO] [stdout] help: disambiguate the method for candidate #2
[INFO] [stdout]    |
[INFO] [stdout] 42 |     speculoos::iter::ContainingIteratorAssertions::contains(&mut assert_that(&res.root().to_string()), "ensure that the contract is a Manager or Proxy contract");
[INFO] [stdout]    |     ~~~~~~~~~~~~~~~~~~~~~~~~~~~~~~~~~~~~~~~~~~~~~~~~~~~~~~~~~~~~~~~~~~~~~~~~~~~~~~~~~~~~~~~~~~~~~~~~~~~~~~~~~~~~~~~~~~~~~~~~~~~~~~~~~~~~~~~~~~~~~~~~~~~~~~~~~~~~~
[INFO] [stdout] help: disambiguate the method for candidate #3
[INFO] [stdout]    |
[INFO] [stdout] 42 |     speculoos::prelude::StrAssertions::contains(&mut assert_that(&res.root().to_string()), "ensure that the contract is a Manager or Proxy contract");
[INFO] [stdout]    |     ~~~~~~~~~~~~~~~~~~~~~~~~~~~~~~~~~~~~~~~~~~~~~~~~~~~~~~~~~~~~~~~~~~~~~~~~~~~~~~~~~~~~~~~~~~~~~~~~~~~~~~~~~~~~~~~~~~~~~~~~~~~~~~~~~~~~~~~~~~~~~~~~~
[INFO] [stdout] 
[INFO] [stdout] 
[INFO] [stdout] warning: unused import: `ContractInstance`
[INFO] [stdout]  --> tests/direct_calls.rs:4:47
[INFO] [stdout]   |
[INFO] [stdout] 4 | use boot_core::{instantiate_default_mock_env, ContractInstance, Deploy};
[INFO] [stdout]   |                                               ^^^^^^^^^^^^^^^^
[INFO] [stdout] 
[INFO] [stdout] 
[INFO] [stdout] error: aborting due to 4 previous errors; 2 warnings emitted
[INFO] [stdout] 
[INFO] [stdout] 
[INFO] [stdout] Some errors have detailed explanations: E0034, E0432, E0433.
[INFO] [stdout] 
[INFO] [stdout] For more information about an error, try `rustc --explain E0034`.
[INFO] [stdout] 
[INFO] [stderr] error: could not compile `abstract-module-factory` (test "direct_calls") due to 5 previous errors; 2 warnings emitted
[INFO] [stderr] warning: build failed, waiting for other jobs to finish...
[INFO] running `Command { std: "docker" "inspect" "bbf96de6f2d93fd664762b3c7f809ae1fa59a60e6b4cca38896cc8f5d402395d", kill_on_drop: false }`
[INFO] running `Command { std: "docker" "rm" "-f" "bbf96de6f2d93fd664762b3c7f809ae1fa59a60e6b4cca38896cc8f5d402395d", kill_on_drop: false }`
[INFO] [stdout] bbf96de6f2d93fd664762b3c7f809ae1fa59a60e6b4cca38896cc8f5d402395d
